6?
1662
Calculate the highest common divisor of 8699944 and 12698.
1814
What is the greatest common factor of 5856858 and 4991?
161
What is the highest common factor of 38811408 and 208?
16
What is the highest common divisor of 12939212 and 5148?
572
Calculate the highest common divisor of 221712 and 97744.
2384
Calculate the highest common divisor of 2430 and 140060.
10
What is the highest common factor of 506770 and 92565?
935
Calculate the highest common divisor of 1360026 and 342.
18
Calculate the greatest common factor of 8950 and 24216910.
1790
What is the greatest common factor of 4176108 and 5595?
1119
Calculate the highest common factor of 409138 and 23746.
62
Calculate the highest common factor of 2474319 and 345.
3
What is the greatest common divisor of 7336 and 56868?
28
Calculate the greatest common factor of 9928 and 149711758.
2482
Calculate the greatest common factor of 76 and 377503172.
76
Calculate the highest common divisor of 114 and 238035.
3
What is the highest common factor of 296425 and 48263?
167
Calculate the highest common factor of 111318355 and 830.
415
Calculate the greatest common factor of 328437 and 22113.
9
Calculate the highest common divisor of 90517604 and 131384.
5972
Calculate the highest common divisor of 63 and 46764117.
9
Calculate the highest common factor of 56 and 6352976.
56
Calculate the greatest common factor of 660024 and 356712.
2136
What is the greatest common divisor of 11205700 and 244?
244
Calculate the greatest common factor of 48651 and 999.
3
Calculate the highest common divisor of 33810 and 225750.
210
Calculate the greatest common factor of 309560 and 28880.
40
Calculate the greatest common factor of 819109 and 923483.
2269
What is the greatest common divisor of 13800 and 2523600?
600
Calculate the highest common factor of 28 and 3423315.
7
Calculate the highest common factor of 2276067 and 4313.
19
Calculate the highest common divisor of 480 and 1642100.
20
Calculate the highest common factor of 50 and 797128125.
25
What is the greatest common divisor of 2269241 and 9451?
13
Calculate the greatest common divisor of 3044939 and 2825778.
4663
What is the greatest common divisor of 110 and 69406876?
22
Calculate the highest common factor of 293760 and 957780.
3060
Calculate the greatest common divisor of 18128 and 466334.
22
What is the greatest common factor of 40110 and 2307662?
2674
Calculate the highest common factor of 979506 and 646.
34
What is the greatest common divisor of 32759475 and 567525?
12075
What is the greatest common factor of 634676 and 773794?
266
Calculate the greatest common factor of 2605 and 167045.
5
Calculate the highest common factor of 604083 and 117486.
183
What is the highest common divisor of 596 and 127836487?
149
What is the greatest common divisor of 19297856 and 2176?
1088
What is the highest common factor of 28850992 and 12208?
1744
What is the greatest common divisor of 5730000 and 2800?
400
What is the greatest common divisor of 23 and 31385478?
23
What is the greatest common divisor of 805678 and 64186?
958
What is the highest common factor of 226432500 and 908?
908
Calculate the greatest common factor of 29337 and 10737723.
381
What is the highest common divisor of 10512220 and 400?
20
Calculate the greatest common divisor of 64342058 and 242.
22
What is the greatest common divisor of 27742 and 10049?
13
Calculate the greatest common factor of 13229979 and 11433.
111
Calculate the highest common divisor of 42498 and 138.
6
Calculate the greatest common factor of 2563 and 682891.
11
Calculate the greatest common factor of 27180 and 11015148.
1812
What is the greatest common divisor of 76551828 and 732?
732
What is the highest common divisor of 44589394 and 30804?
302
Calculate the highest common factor of 224784 and 2204272.
112
What is the greatest common divisor of 917 and 9497107?
131
Calculate the highest common divisor of 8 and 64407692.
4
What is the greatest common factor of 80 and 11067380?
20
What is the greatest common factor of 70966 and 5364646?
1918
Calculate the greatest common factor of 524377 and 2852.
23
Calculate the greatest common divisor of 11268 and 2117132.
1252
Calculate the greatest common factor of 62 and 38598751.
31
Calculate the greatest common factor of 1929991 and 881930.
2051
Calculate the highest common divisor of 27209547 and 5318.
2659
Calculate the greatest common factor of 72105861 and 29.
29
What is the highest common factor of 332 and 177624316?
332
Calculate the greatest common factor of 33056 and 50752.
32
Calculate the greatest common factor of 12 and 171452.
4
Calculate the greatest common divisor of 6309860 and 320.
20
What is the greatest common divisor of 221325 and 3120?
195
Calculate the highest common factor of 6390640 and 38930.
170
What is the greatest common divisor of 15575140 and 23?
23
What is the highest common divisor of 10921119 and 264?
33
Calculate the greatest common factor of 1719 and 576047214.
1719
Calculate the highest common factor of 30818439 and 9.
9
What is the highest common factor of 43950 and 327137430?
8790
What is the highest common divisor of 9299329 and 3359408?
6773
What is the greatest common factor of 159675 and 7500?
75
Calculate the greatest common factor of 80 and 16363504.
16
What is the highest common factor of 68 and 9955196?
4
What is the greatest common divisor of 35949 and 2206435?
521
What is the greatest common divisor of 779 and 809533?
19
Calculate the greatest common divisor of 12818 and 2615626.
754
Calculate the highest common divisor of 159688 and 248.
8
Calculate the greatest common factor of 432 and 2622348.
108
Calculate the greatest common divisor of 19 and 97830240.
19
Calculate the highest common factor of 105 and 6966813.
21
What is the highest common factor of 1392 and 497647888?
464
What is the greatest common factor of 52023834 and 3297?
471
What is the greatest common divisor of 15681232 and 95797?
7369
What is the highest common divisor of 554931 and 1651?
13
What is the highest common divisor of 136960 and 11128?
856
What is the greatest common factor of 73992 and 21480?
24
What is the greatest common divisor of 170 and 141127625?
85
What is the highest common divisor of 481 and 1603802?
37
What is the highest common factor of 970809 and 630?
21
What is the greatest common divisor of 1480 and 100176020?
740
Calculate the greatest common factor of 49548380 and 1575.
35
Calculate the highest common divisor of 2571 and 18010712.
857
What is the greatest common divisor of 2160 and 232395120?
720
What is the greatest common divisor of 52972 and 4598?
38
Calculate the highest common divisor of 346392 and 36934896.
6792
Calculate the highest common divisor of 59000 and 806353.
59
Calculate the greatest common divisor of 15 and 46958151.
3
Calculate the greatest common factor of 305 and 187320935.
305
What is the greatest common divisor of 963738 and 31104?
486
Calculate the greatest common divisor of 968934 and 5202.
6
What is the greatest common divisor of 64 and 6878144576?
64
Calculate the highest common divisor of 445707116 and 2872.
1436
What is the greatest common divisor of 18003643 and 7?
7
Calculate the highest common divisor of 41464439 and 8119.
353
Calculate the highest common divisor of 11396 and 8894171.
407
What is the highest common factor of 655576519 and 169?
169
What is the highest common divisor of 1169424 and 9774?
54
Calculate the greatest common divisor of 399 and 189198884.
133
Calculate the greatest common divisor of 18850 and 430998.
58
Calculate the highest common divisor of 27912 and 862392.
24
What is the highest common divisor of 112 and 472136?
56
What is the greatest common factor of 92168856 and 531?
531
Calculate the highest common divisor of 194086 and 1464800.
3662
What is the greatest common factor of 5175 and 31419?
9
What is the greatest common factor of 5130 and 425520?
270
Calculate the highest common factor of 4312 and 260271928.
392
What is the highest common factor of 26432 and 595168?
224
What is the greatest common divisor of 673752 and 77515?
419
Calculate the greatest common factor of 42239502 and 4644.
2322
What is the highest common factor of 5614 and 1358187?
401
Calculate the highest common di